[INFO] cloning repository https://github.com/SohailHaqyar/go-crud-api
[INFO] running `Command { std: "git" "-c" "credential.helper=" "-c" "credential.helper=/workspace/cargo-home/bin/git-credential-null" "clone" "--bare" "https://github.com/SohailHaqyar/go-crud-api" "/workspace/cache/git-repos/https%3A%2F%2Fgithub.com%2FSohailHaqyar%2Fgo-crud-api", kill_on_drop: false }`
[INFO] [stderr] Cloning into bare repository '/workspace/cache/git-repos/https%3A%2F%2Fgithub.com%2FSohailHaqyar%2Fgo-crud-api'...
[INFO] running `Command { std: "git" "rev-parse" "HEAD", kill_on_drop: false }`
[INFO] [stdout] 1371aec4ae8c3646e058199b8a4457c14d393c02
[INFO] checking SohailHaqyar/go-crud-api against master#9610dfe5a9a731ced1ea4923ecbd0c57fe367898 for beta-170-4
[INFO] running `Command { std: "git" "clone" "/workspace/cache/git-repos/https%3A%2F%2Fgithub.com%2FSohailHaqyar%2Fgo-crud-api" "/workspace/builds/worker-4-tc1/source", kill_on_drop: false }`
[INFO] [stderr] Cloning into '/workspace/builds/worker-4-tc1/source'...
[INFO] [stderr] done.
[INFO] validating manifest of git repo https://github.com/SohailHaqyar/go-crud-api on toolchain 9610dfe5a9a731ced1ea4923ecbd0c57fe367898
[INFO] running `Command { std: CARGO_HOME="/workspace/cargo-home" RUSTUP_HOME="/workspace/rustup-home" "/workspace/cargo-home/bin/cargo" "+9610dfe5a9a731ced1ea4923ecbd0c57fe367898" "metadata" "--manifest-path" "Cargo.toml" "--no-deps", kill_on_drop: false }`
[INFO] started tweaking git repo https://github.com/SohailHaqyar/go-crud-api
[INFO] finished tweaking git repo https://github.com/SohailHaqyar/go-crud-api
[INFO] tweaked toml for git repo https://github.com/SohailHaqyar/go-crud-api written to /workspace/builds/worker-4-tc1/source/Cargo.toml
[INFO] crate git repo https://github.com/SohailHaqyar/go-crud-api already has a lockfile, it will not be regenerated
[INFO] running `Command { std: CARGO_HOME="/workspace/cargo-home" RUSTUP_HOME="/workspace/rustup-home" "/workspace/cargo-home/bin/cargo" "+9610dfe5a9a731ced1ea4923ecbd0c57fe367898" "fetch" "--manifest-path" "Cargo.toml", kill_on_drop: false }`
[INFO] running `Command { std: "docker" "create" "-v" "/var/lib/crater-agent-workspace/builds/worker-4-tc1/target:/opt/rustwide/target:rw,Z" "-v" "/var/lib/crater-agent-workspace/builds/worker-4-tc1/source:/opt/rustwide/workdir:ro,Z" "-v" "/var/lib/crater-agent-workspace/cargo-home:/opt/rustwide/cargo-home:ro,Z" "-v" "/var/lib/crater-agent-workspace/rustup-home:/opt/rustwide/rustup-home:ro,Z" "-e" "SOURCE_DIR=/opt/rustwide/workdir" "-e" "CARGO_TARGET_DIR=/opt/rustwide/target" "-e" "CARGO_HOME=/opt/rustwide/cargo-home" "-e" "RUSTUP_HOME=/opt/rustwide/rustup-home" "-w" "/opt/rustwide/workdir" "-m" "1610612736" "--user" "0:0" "--network" "none" "ghcr.io/rust-lang/crates-build-env/linux@sha256:19e73879b68f455e41552ea35293514db52ea292d993f571636dbffedb77a1ee" "/opt/rustwide/cargo-home/bin/cargo" "+9610dfe5a9a731ced1ea4923ecbd0c57fe367898" "metadata" "--no-deps" "--format-version=1", kill_on_drop: false }`
[INFO] [stdout] a4314c78fba16470d2565046f921901e73947499cd503702bae5406262e19351
[INFO] running `Command { std: "docker" "start" "-a" "a4314c78fba16470d2565046f921901e73947499cd503702bae5406262e19351", kill_on_drop: false }`
[INFO] running `Command { std: "docker" "inspect" "a4314c78fba16470d2565046f921901e73947499cd503702bae5406262e19351", kill_on_drop: false }`
[INFO] running `Command { std: "docker" "rm" "-f" "a4314c78fba16470d2565046f921901e73947499cd503702bae5406262e19351", kill_on_drop: false }`
[INFO] [stdout] a4314c78fba16470d2565046f921901e73947499cd503702bae5406262e19351
[INFO] running `Command { std: "docker" "create" "-v" "/var/lib/crater-agent-workspace/builds/worker-4-tc1/target:/opt/rustwide/target:rw,Z" "-v" "/var/lib/crater-agent-workspace/builds/worker-4-tc1/source:/opt/rustwide/workdir:ro,Z" "-v" "/var/lib/crater-agent-workspace/cargo-home:/opt/rustwide/cargo-home:ro,Z" "-v" "/var/lib/crater-agent-workspace/rustup-home:/opt/rustwide/rustup-home:ro,Z" "-e" "SOURCE_DIR=/opt/rustwide/workdir" "-e" "CARGO_TARGET_DIR=/opt/rustwide/target" "-e" "CARGO_INCREMENTAL=0" "-e" "RUST_BACKTRACE=full" "-e" "RUSTFLAGS=--cap-lints=forbid" "-e" "RUSTDOCFLAGS=--cap-lints=forbid" "-e" "CARGO_HOME=/opt/rustwide/cargo-home" "-e" "RUSTUP_HOME=/opt/rustwide/rustup-home" "-w" "/opt/rustwide/workdir" "-m" "1610612736" "--user" "0:0" "--network" "none" "ghcr.io/rust-lang/crates-build-env/linux@sha256:19e73879b68f455e41552ea35293514db52ea292d993f571636dbffedb77a1ee" "/opt/rustwide/cargo-home/bin/cargo" "+9610dfe5a9a731ced1ea4923ecbd0c57fe367898" "check" "--frozen" "--all" "--all-targets" "--message-format=json", kill_on_drop: false }`
[INFO] [stdout] 93588fc4faed3137a6aa9cba84be17ae788346637f7b2804a015402ac67fc500
[INFO] running `Command { std: "docker" "start" "-a" "93588fc4faed3137a6aa9cba84be17ae788346637f7b2804a015402ac67fc500", kill_on_drop: false }`
[INFO] [stderr]    Compiling proc-macro2 v1.0.36
[INFO] [stderr]    Compiling syn v1.0.85
[INFO] [stderr]    Compiling libc v0.2.112
[INFO] [stderr]    Compiling futures-core v0.3.19
[INFO] [stderr]    Compiling memchr v2.4.1
[INFO] [stderr]    Compiling yansi v0.5.0
[INFO] [stderr]    Compiling serde_derive v1.0.133
[INFO] [stderr]     Checking pin-project-lite v0.2.8
[INFO] [stderr]    Compiling serde v1.0.133
[INFO] [stderr]    Compiling proc-macro-hack v0.5.19
[INFO] [stderr]    Compiling standback v0.2.17
[INFO] [stderr]    Compiling proc-macro2-diagnostics v0.9.1
[INFO] [stderr]    Compiling log v0.4.14
[INFO] [stderr]     Checking futures-sink v0.3.19
[INFO] [stderr]    Compiling const_fn v0.4.9
[INFO] [stderr]    Compiling futures-task v0.3.19
[INFO] [stderr]    Compiling httparse v1.5.1
[INFO] [stderr]     Checking bytes v1.1.0
[INFO] [stderr]    Compiling futures-channel v0.3.19
[INFO] [stderr]    Compiling time v0.2.27
[INFO] [stderr]    Compiling futures-util v0.3.19
[INFO] [stderr]     Checking itoa v1.0.1
[INFO] [stderr]     Checking futures-io v0.3.19
[INFO] [stderr]     Checking slab v0.4.5
[INFO] [stderr]     Checking once_cell v1.9.0
[INFO] [stderr]    Compiling indexmap v1.7.0
[INFO] [stderr]    Compiling cookie v0.15.1
[INFO] [stderr]    Compiling ref-cast v1.0.6
[INFO] [stderr]    Compiling fnv v1.0.7
[INFO] [stderr]    Compiling tracing-core v0.1.21
[INFO] [stderr]     Checking http v0.2.6
[INFO] [stderr]    Compiling quote v1.0.14
[INFO] [stderr]    Compiling pin-utils v0.1.0
[INFO] [stderr]    Compiling instant v0.1.12
[INFO] [stderr]    Compiling uncased v0.9.6
[INFO] [stderr]    Compiling mio v0.7.14
[INFO] [stderr]    Compiling tracing v0.1.29
[INFO] [stderr]    Compiling bitflags v1.3.2
[INFO] [stderr]     Checking signal-hook-registry v1.4.0
[INFO] [stderr]     Checking num_cpus v1.13.1
[INFO] [stderr]     Checking getrandom v0.2.3
[INFO] [stderr]    Compiling scopeguard v1.1.0
[INFO] [stderr]    Compiling try-lock v0.2.3
[INFO] [stderr]    Compiling smallvec v1.7.0
[INFO] [stderr]    Compiling lock_api v0.4.5
[INFO] [stderr]     Checking rand_core v0.6.3
[INFO] [stderr]    Compiling want v0.3.0
[INFO] [stderr]    Compiling socket2 v0.4.2
[INFO] [stderr]    Compiling parking_lot_core v0.8.5
[INFO] [stderr]     Checking inlinable_string v0.1.15
[INFO] [stderr]    Compiling httpdate v1.0.2
[INFO] [stderr]    Compiling serde_json v1.0.74
[INFO] [stderr]    Compiling itoa v0.4.8
[INFO] [stderr]    Compiling tower-service v0.3.1
[INFO] [stderr]    Compiling tokio v1.15.0
[INFO] [stderr]    Compiling percent-encoding v2.1.0
[INFO] [stderr]    Compiling encoding_rs v0.8.30
[INFO] [stderr]    Compiling parking_lot v0.11.2
[INFO] [stderr]     Checking rand_chacha v0.3.1
[INFO] [stderr]    Compiling stable-pattern v0.1.0
[INFO] [stderr]    Compiling atomic v0.5.1
[INFO] [stderr]    Compiling figment v0.10.6
[INFO] [stderr]    Compiling multer v2.0.2
[INFO] [stderr]    Compiling either v1.6.1
[INFO] [stderr]    Compiling state v0.5.2
[INFO] [stderr]    Compiling pq-sys v0.4.6
[INFO] [stderr]    Compiling mime v0.3.16
[INFO] [stderr]     Checking ryu v1.0.9
[INFO] [stderr]    Compiling async-trait v0.1.52
[INFO] [stderr]     Checking rand v0.8.4
[INFO] [stderr]    Compiling rocket v0.5.0-rc.1
[INFO] [stderr]     Checking remove_dir_all v0.5.3
[INFO] [stderr]     Checking spin v0.9.2
[INFO] [stderr]     Checking atty v0.2.14
[INFO] [stderr]     Checking binascii v0.1.4
[INFO] [stderr]     Checking dotenv v0.15.0
[INFO] [stderr]     Checking http-body v0.4.4
[INFO] [stderr]     Checking tempfile v3.2.0
[INFO] [stderr]    Compiling tokio-util v0.6.9
[INFO] [stderr]    Compiling h2 v0.3.10
[INFO] [stderr]    Compiling devise_core v0.3.1
[INFO] [stderr]    Compiling time-macros-impl v0.1.2
[INFO] [stderr]    Compiling tokio-macros v1.7.0
[INFO] [stderr]    Compiling futures-macro v0.3.19
[INFO] [stderr]    Compiling pear_codegen v0.2.3
[INFO] [stderr]    Compiling ref-cast-impl v1.0.6
[INFO] [stderr]    Compiling async-stream-impl v0.3.2
[INFO] [stderr]    Compiling diesel_derives v1.4.1
[INFO] [stderr]    Compiling devise_codegen v0.3.1
[INFO] [stderr]    Compiling time-macros v0.1.1
[INFO] [stderr]     Checking async-stream v0.3.2
[INFO] [stderr]    Compiling devise v0.3.1
[INFO] [stderr]     Checking pear v0.2.3
[INFO] [stderr]    Compiling hyper v0.14.16
[INFO] [stderr]     Checking futures-executor v0.3.19
[INFO] [stderr]     Checking futures v0.3.19
[INFO] [stderr]     Checking tokio-stream v0.1.8
[INFO] [stderr]    Compiling rocket_http v0.5.0-rc.1
[INFO] [stderr]     Checking toml v0.5.8
[INFO] [stderr]     Checking ubyte v0.10.1
[INFO] [stderr]    Compiling rocket_codegen v0.5.0-rc.1
[INFO] [stderr]     Checking diesel v1.4.8
[INFO] [stderr]     Checking pes-book-api v0.1.0 (/opt/rustwide/workdir)
[INFO] [stdout] error[E0468]: an `extern crate` loading macros must be at the crate root
[INFO] [stdout]  --> src/bin/posts.rs:2:1
[INFO] [stdout]   |
[INFO] [stdout] 2 | extern crate rocket;
[INFO] [stdout]   | ^^^^^^^^^^^^^^^^^^^^
[INFO] [stdout] 
[INFO] [stdout] 
[INFO] [stdout] error[E0468]: an `extern crate` loading macros must be at the crate root
[INFO] [stdout]  --> src/bin/posts.rs:2:1
[INFO] [stdout]   |
[INFO] [stdout] 2 | extern crate rocket;
[INFO] [stdout]   | ^^^^^^^^^^^^^^^^^^^^
[INFO] [stdout] 
[INFO] [stdout] 
[INFO] [stdout] error[E0433]: failed to resolve: could not find `diesel` in the crate root
[INFO] [stdout]  --> src/bin/posts.rs:6:12
[INFO] [stdout]   |
[INFO] [stdout] 6 | use crate::diesel::prelude::*;
[INFO] [stdout]   |            ^^^^^^ could not find `diesel` in the crate root
[INFO] [stdout] 
[INFO] [stdout] 
[INFO] [stdout] warning: unused `#[macro_use]` import
[INFO] [stdout]  --> src/bin/server.rs:1:1
[INFO] [stdout]   |
[INFO] [stdout] 1 | #[macro_use]
[INFO] [stdout]   | ^^^^^^^^^^^^
[INFO] [stdout]   |
[INFO] [stdout]   = note: `#[warn(unused_imports)]` on by default
[INFO] [stdout] 
[INFO] [stdout] 
[INFO] [stdout] error[E0433]: failed to resolve: could not find `diesel` in the crate root
[INFO] [stdout]  --> src/bin/posts.rs:6:12
[INFO] [stdout]   |
[INFO] [stdout] 6 | use crate::diesel::prelude::*;
[INFO] [stdout]   |            ^^^^^^ could not find `diesel` in the crate root
[INFO] [stdout] 
[INFO] [stdout] 
[INFO] [stdout] warning: unused `#[macro_use]` import
[INFO] [stdout]  --> src/bin/server.rs:1:1
[INFO] [stdout]   |
[INFO] [stdout] 1 | #[macro_use]
[INFO] [stdout]   | ^^^^^^^^^^^^
[INFO] [stdout]   |
[INFO] [stdout]   = note: `#[warn(unused_imports)]` on by default
[INFO] [stdout] 
[INFO] [stdout] 
[INFO] [stdout] error[E0599]: no method named `load` found for struct `table` in the current scope
[INFO] [stdout]     --> src/bin/posts.rs:17:10
[INFO] [stdout]      |
[INFO] [stdout] 16   |       let results = posts::table
[INFO] [stdout]      |  ___________________-
[INFO] [stdout] 17   | |         .load::<Post>(&conn)
[INFO] [stdout]      | |         -^^^^ method not found in `table`
[INFO] [stdout]      | |_________|
[INFO] [stdout]      | 
[INFO] [stdout]      |
[INFO] [stdout]     ::: /opt/rustwide/cargo-home/registry/src/index.crates.io-6f17d22bba15001f/diesel-1.4.8/src/query_dsl/mod.rs:1236:8
[INFO] [stdout]      |
[INFO] [stdout] 1236 |       fn load<U>(self, conn: &Conn) -> QueryResult<Vec<U>>
[INFO] [stdout]      |          ---- the method is available for `table` here
[INFO] [stdout]      |
[INFO] [stdout]      = help: items from traits can only be used if the trait is in scope
[INFO] [stdout] help: the following trait is implemented but not in scope; perhaps add a `use` for it:
[INFO] [stdout]      |
[INFO] [stdout] 1    + use crate::posts::diesel::RunQueryDsl;
[INFO] [stdout]      |
[INFO] [stdout] 
[INFO] [stdout] 
[INFO] [stdout] error[E0599]: no method named `load` found for struct `table` in the current scope
[INFO] [stdout]     --> src/bin/posts.rs:17:10
[INFO] [stdout]      |
[INFO] [stdout] 16   |       let results = posts::table
[INFO] [stdout]      |  ___________________-
[INFO] [stdout] 17   | |         .load::<Post>(&conn)
[INFO] [stdout]      | |         -^^^^ method not found in `table`
[INFO] [stdout]      | |_________|
[INFO] [stdout]      | 
[INFO] [stdout]      |
[INFO] [stdout]     ::: /opt/rustwide/cargo-home/registry/src/index.crates.io-6f17d22bba15001f/diesel-1.4.8/src/query_dsl/mod.rs:1236:8
[INFO] [stdout]      |
[INFO] [stdout] 1236 |       fn load<U>(self, conn: &Conn) -> QueryResult<Vec<U>>
[INFO] [stdout]      |          ---- the method is available for `table` here
[INFO] [stdout]      |
[INFO] [stdout]      = help: items from traits can only be used if the trait is in scope
[INFO] [stdout] help: the following trait is implemented but not in scope; perhaps add a `use` for it:
[INFO] [stdout]      |
[INFO] [stdout] 1    + use crate::posts::diesel::RunQueryDsl;
[INFO] [stdout]      |
[INFO] [stdout] 
[INFO] [stdout] 
[INFO] [stdout] error[E0599]: no method named `get_result` found for struct `InsertStatement` in the current scope
[INFO] [stdout]     --> src/bin/posts.rs:34:10
[INFO] [stdout]      |
[INFO] [stdout] 32   |       let post = diesel::insert_into(posts::table)
[INFO] [stdout]      |  ________________-
[INFO] [stdout] 33   | |         .values(&new_post)
[INFO] [stdout] 34   | |         .get_result(&conn)
[INFO] [stdout]      | |         -^^^^^^^^^^ method not found in `InsertStatement<table, ValuesClause<(ColumnInsertValue<title, Bound<Text, &&str>>, ...), ...>>`
[INFO] [stdout]      | |_________|
[INFO] [stdout]      | 
[INFO] [stdout]      |
[INFO] [stdout]     ::: /opt/rustwide/cargo-home/registry/src/index.crates.io-6f17d22bba15001f/diesel-1.4.8/src/query_dsl/mod.rs:1286:8
[INFO] [stdout]      |
[INFO] [stdout] 1286 |       fn get_result<U>(self, conn: &Conn) -> QueryResult<U>
[INFO] [stdout]      |          ---------- the method is available for `InsertStatement<table, ValuesClause<(ColumnInsertValue<title, diesel::expression::bound::Bound<Text, &&str>>, ColumnInsertValue<body, diesel::expression::bound::Bound<Text, &&str>>), table>>` here
[INFO] [stdout]      |
[INFO] [stdout]      = note: the full type name has been written to '/opt/rustwide/target/debug/deps/server-7ae14a1ce08682f7.long-type-10395056162839292433.txt'
[INFO] [stdout]      = help: items from traits can only be used if the trait is in scope
[INFO] [stdout] help: the following trait is implemented but not in scope; perhaps add a `use` for it:
[INFO] [stdout]      |
[INFO] [stdout] 1    + use crate::posts::diesel::RunQueryDsl;
[INFO] [stdout]      |
[INFO] [stdout] 
[INFO] [stdout] 
[INFO] [stdout] error[E0599]: no method named `get_result` found for struct `InsertStatement` in the current scope
[INFO] [stdout]     --> src/bin/posts.rs:34:10
[INFO] [stdout]      |
[INFO] [stdout] 32   |       let post = diesel::insert_into(posts::table)
[INFO] [stdout]      |  ________________-
[INFO] [stdout] 33   | |         .values(&new_post)
[INFO] [stdout] 34   | |         .get_result(&conn)
[INFO] [stdout]      | |         -^^^^^^^^^^ method not found in `InsertStatement<table, ValuesClause<(ColumnInsertValue<title, Bound<Text, &&str>>, ...), ...>>`
[INFO] [stdout]      | |_________|
[INFO] [stdout]      | 
[INFO] [stdout]      |
[INFO] [stdout]     ::: /opt/rustwide/cargo-home/registry/src/index.crates.io-6f17d22bba15001f/diesel-1.4.8/src/query_dsl/mod.rs:1286:8
[INFO] [stdout]      |
[INFO] [stdout] 1286 |       fn get_result<U>(self, conn: &Conn) -> QueryResult<U>
[INFO] [stdout]      |          ---------- the method is available for `InsertStatement<table, ValuesClause<(ColumnInsertValue<title, diesel::expression::bound::Bound<Text, &&str>>, ColumnInsertValue<body, diesel::expression::bound::Bound<Text, &&str>>), table>>` here
[INFO] [stdout]      |
[INFO] [stdout]      = note: the full type name has been written to '/opt/rustwide/target/debug/deps/server-f517a030b2485bd9.long-type-10130483567541939614.txt'
[INFO] [stdout]      = help: items from traits can only be used if the trait is in scope
[INFO] [stdout] help: the following trait is implemented but not in scope; perhaps add a `use` for it:
[INFO] [stdout]      |
[INFO] [stdout] 1    + use crate::posts::diesel::RunQueryDsl;
[INFO] [stdout]      |
[INFO] [stdout] 
[INFO] [stdout] 
[INFO] [stdout] error[E0599]: no method named `find` found for struct `table` in the current scope
[INFO] [stdout]   --> src/bin/posts.rs:47:37
[INFO] [stdout]    |
[INFO] [stdout] 47 |     let post = diesel::update(posts.find(post_id))
[INFO] [stdout]    |                                     ^^^^ method not found in `table`
[INFO] [stdout]    |
[INFO] [stdout]    = help: items from traits can only be used if the trait is in scope
[INFO] [stdout] help: the following traits are implemented but not in scope; perhaps add a `use` for one of them:
[INFO] [stdout]    |
[INFO] [stdout] 1  + use crate::posts::diesel::QueryDsl;
[INFO] [stdout]    |
[INFO] [stdout] 1  + use crate::posts::diesel::query_dsl::methods::FindDsl;
[INFO] [stdout]    |
[INFO] [stdout] 1  + use gimli::read::reader::Reader;
[INFO] [stdout]    |
[INFO] [stdout] 1  + use http::header::map::as_header_name::Sealed;
[INFO] [stdout]    |
[INFO] [stdout]      and 1 other candidate
[INFO] [stdout] 
[INFO] [stdout] 
[INFO] [stdout] error[E0599]: `published` is not an iterator
[INFO] [stdout]   --> src/bin/posts.rs:48:24
[INFO] [stdout]    |
[INFO] [stdout] 48 |           .set(published.eq(true))
[INFO] [stdout]    |                          ^^ `published` is not an iterator
[INFO] [stdout]    |
[INFO] [stdout]   ::: /opt/rustwide/workdir/src/schema.rs:1:1
[INFO] [stdout]    |
[INFO] [stdout] 1  | / table! {
[INFO] [stdout] 2  | |     posts (id) {
[INFO] [stdout] 3  | |         id -> Int4,
[INFO] [stdout] 4  | |         title -> Varchar,
[INFO] [stdout] ...  |
[INFO] [stdout] 7  | |     }
[INFO] [stdout] 8  | | }
[INFO] [stdout]    | |_- doesn't satisfy `published: Iterator`
[INFO] [stdout]    |
[INFO] [stdout]    = note: the following trait bounds were not satisfied:
[INFO] [stdout]            `published: Iterator`
[INFO] [stdout]            which is required by `&mut published: Iterator`
[INFO] [stdout]    = help: items from traits can only be used if the trait is in scope
[INFO] [stdout] help: the following trait is implemented but not in scope; perhaps add a `use` for it:
[INFO] [stdout]    |
[INFO] [stdout] 1  + use crate::posts::diesel::ExpressionMethods;
[INFO] [stdout]    |
[INFO] [stdout] 
[INFO] [stdout] 
[INFO] [stdout] error[E0599]: no method named `find` found for struct `table` in the current scope
[INFO] [stdout]   --> src/bin/posts.rs:47:37
[INFO] [stdout]    |
[INFO] [stdout] 47 |     let post = diesel::update(posts.find(post_id))
[INFO] [stdout]    |                                     ^^^^ method not found in `table`
[INFO] [stdout]    |
[INFO] [stdout]    = help: items from traits can only be used if the trait is in scope
[INFO] [stdout] help: the following traits are implemented but not in scope; perhaps add a `use` for one of them:
[INFO] [stdout]    |
[INFO] [stdout] 1  + use crate::posts::diesel::QueryDsl;
[INFO] [stdout]    |
[INFO] [stdout] 1  + use crate::posts::diesel::query_dsl::methods::FindDsl;
[INFO] [stdout]    |
[INFO] [stdout] 1  + use gimli::read::reader::Reader;
[INFO] [stdout]    |
[INFO] [stdout] 1  + use http::header::map::as_header_name::Sealed;
[INFO] [stdout]    |
[INFO] [stdout]      and 1 other candidate
[INFO] [stdout] 
[INFO] [stdout] 
[INFO] [stdout] error[E0599]: `published` is not an iterator
[INFO] [stdout]   --> src/bin/posts.rs:48:24
[INFO] [stdout]    |
[INFO] [stdout] 48 |           .set(published.eq(true))
[INFO] [stdout]    |                          ^^ `published` is not an iterator
[INFO] [stdout]    |
[INFO] [stdout]   ::: /opt/rustwide/workdir/src/schema.rs:1:1
[INFO] [stdout]    |
[INFO] [stdout] 1  | / table! {
[INFO] [stdout] 2  | |     posts (id) {
[INFO] [stdout] 3  | |         id -> Int4,
[INFO] [stdout] 4  | |         title -> Varchar,
[INFO] [stdout] ...  |
[INFO] [stdout] 7  | |     }
[INFO] [stdout] 8  | | }
[INFO] [stdout]    | |_- doesn't satisfy `published: Iterator`
[INFO] [stdout]    |
[INFO] [stdout]    = note: the following trait bounds were not satisfied:
[INFO] [stdout]            `published: Iterator`
[INFO] [stdout]            which is required by `&mut published: Iterator`
[INFO] [stdout]    = help: items from traits can only be used if the trait is in scope
[INFO] [stdout] help: the following trait is implemented but not in scope; perhaps add a `use` for it:
[INFO] [stdout]    |
[INFO] [stdout] 1  + use crate::posts::diesel::ExpressionMethods;
[INFO] [stdout]    |
[INFO] [stdout] 
[INFO] [stdout] 
[INFO] [stdout] error: aborting due to 6 previous errors; 1 warning emitted
[INFO] [stdout] 
[INFO] [stdout] 
[INFO] [stdout] Some errors have detailed explanations: E0433, E0468, E0599.
[INFO] [stdout] 
[INFO] [stdout] For more information about an error, try `rustc --explain E0433`.
[INFO] [stdout] 
[INFO] [stdout] error: aborting due to 6 previous errors; 1 warning emitted
[INFO] [stdout] 
[INFO] [stdout] 
[INFO] [stdout] Some errors have detailed explanations: E0433, E0468, E0599.
[INFO] [stdout] 
[INFO] [stdout] For more information about an error, try `rustc --explain E0433`.
[INFO] [stdout] 
[INFO] [stderr] error: could not compile `pes-book-api` (bin "server" test) due to 7 previous errors; 1 warning emitted
[INFO] [stderr] warning: build failed, waiting for other jobs to finish...
[INFO] [stderr] error: could not compile `pes-book-api` (bin "server") due to 7 previous errors; 1 warning emitted
[INFO] running `Command { std: "docker" "inspect" "93588fc4faed3137a6aa9cba84be17ae788346637f7b2804a015402ac67fc500", kill_on_drop: false }`
[INFO] running `Command { std: "docker" "rm" "-f" "93588fc4faed3137a6aa9cba84be17ae788346637f7b2804a015402ac67fc500", kill_on_drop: false }`
[INFO] [stdout] 93588fc4faed3137a6aa9cba84be17ae788346637f7b2804a015402ac67fc500
